NOAA-Style Climate Reports


Report for 2024 June

Daily NOAA report



                            MONTHLY CLIMATOLOGICAL SUMMARY for JUN. 2024

NAME: Turkey Ridge   CITY: Justiceburg STATE: Texas
ELEV: 2386 LAT: 33:03:00 LONG: 101:09:45

                            TEMPERATURE ( °F), RAIN (in.), WIND SPEED (mph)

                                               HEAT     COOL           AVG
      MEAN                                     DEG      DEG            WIND                       DOM
DAY   TEMP    HIGH   TIME     LOW    TIME      DAYS     DAYS    RAIN   SPEED    HIGH    TIME      DIR
--------------------------------------------------------------------------------------------------------
01    73.4   087.8   17:11    59.7   07:40     00.0     08.4   01.20   06.7     46.0    00:15     ESE
02    80.2   091.2   16:00    71.6   05:12     00.0     15.3   00.00   08.8     26.4    21:32      S 
03    85.2   099.9   17:09    72.9   00:00     00.0     20.3   00.00   07.3     26.4    10:18      SW
04    84.0   102.7   17:23    66.2   04:56     00.0     19.1   00.00   05.9     19.6    23:27      W 
05    80.6   091.6   17:17    69.4   06:50     00.0     15.6   00.00   07.2     24.1    13:22      E 
06    85.6   100.2   16:51    72.0   04:31     00.0     20.6   00.00   06.2     19.6    21:39      S 
07    86.7   100.0   17:02    73.8   05:17     00.0     21.8   00.00   07.3     26.4    03:19     SSW
08    86.6   099.7   17:57    71.4   07:29     00.0     21.6   00.00   07.9     25.3    16:28     SSW
09    83.5   095.5   17:03    67.9   00:00     00.0     18.5   01.13   06.8     31.1    20:31      SE
10    70.1   075.6   19:11    65.7   00:38     00.0     05.2   00.33   06.6     34.5    02:08     ENE
11    71.8   083.8   18:00    64.6   10:18     00.0     06.9   00.87   04.2     21.9    04:47      E 
12    75.2   088.5   18:39    64.6   06:07     00.0     10.2   00.00   03.0     12.7    18:55      E 
13    82.3   095.7   18:02    70.0   07:30     00.0     17.3   00.00   04.2     18.4    10:10     SSE
--------------------------------------------------------------------------------------------------------
80.4 (80.8)   102.7  day 04     59.7  day 01   000.0    200.8   03.55   06.3     46.0   day 01     SSE
Max >  86: 11
Min <  86: 13
Max Rain: 1.20 ON 1-06-24
Days of Rain: 4 (> .008in) 4 (> .08in) 3 (> 0.8in)